 85 - 9?
78
In base 13, what is -20 + -a?
-2a
In base 6, what is -540 - -4?
-532
In base 10, what is -4 - -88?
84
In base 11, what is -4 - 16?
-1a
In base 4, what is 11 + 3331?
10002
In base 16, what is -6 - -8?
2
In base 8, what is -155 - -13?
-142
In base 10, what is 6 - -578?
584
In base 10, what is 0 - -907?
907
In base 6, what is -152 + -23?
-215
In base 14, what is -3 + -35?
-38
In base 15, what is 36 - -4?
3a
In base 3, what is 2 - 2022?
-2020
In base 3, what is 10 + -1?
2
In base 3, what is 21002111 - -12?
21002200
In base 7, what is -4 - 163?
-200
In base 7, what is -20 - -350?
330
In base 4, what is 11 - 332300?
-332223
In base 3, what is 21 + -1222012?
-1221221
In base 4, what is 112 + -31200?
-31022
In base 13, what is c + 4?
13
In base 9, what is -5 + 60?
54
In base 2, what is 10011 - 11001000?
-10110101
In base 3, what is -12 + 20022?
20010
In base 4, what is -33112 - 2?
-33120
In base 3, what is 10212 + -11?
10201
In base 16, what is -8a + -55?
-df
In base 5, what is -24103 - 12?
-24120
In base 4, what is -1100 - 11?
-1111
In base 7, what is -1016 + -11?
-1030
In base 9, what is -27 - 13?
-41
In base 14, what is -10 + -5c?
-6c
In base 10, what is -5 + -534?
-539
In base 4, what is -10 - 2020?
-2030
In base 4, what is 0 + -303?
-303
In base 11, what is 814 + 3?
817
In base 13, what is 1a + 85?
a2
In base 14, what is -3 - 2dd?
-302
In base 5, what is 12 - -33311?
33323
In base 5, what is 11 - -4014?
4030
In base 3, what is -11 - -21?
10
In base 9, what is 5 + 73?
78
In base 13, what is -1b + -1c?
-3a
In base 9, what is 4 - -535?
540
In base 6, what is -3 - 1513?
-1520
In base 12, what is -5 - 2545?
-254a
In base 14, what is 263a + 2?
263c
In base 14, what is 27 - 1?
26
In base 15, what is -8 - 7?
-10
In base 6, what is 200 + -323?
-123
In base 14, what is -23c + 0?
-23c
In base 4, what is 3131 + 110?
3301
In base 11, what is -5 + -1738?
-1742
In base 8, what is -3 - -22?
17
In base 10, what is 2 + -83?
-81
In base 3, what is -10121200 - -1?
-10121122
In base 16, what is 24c - 5?
247
In base 11, what is 6 - -20?
26
In base 6, what is -32 - -12?
-20
In base 14, what is -3 - 28d?
-292
In base 15, what is b3 - -1?
b4
In base 11, what is -1244 + 5?
-123a
In base 4, what is -113 + -132?
-311
In base 7, what is 3 - 4255?
-4252
In base 16, what is -9f + 3?
-9c
In base 14, what is -72 + -5?
-77
In base 2, what is 1100010101 + 1010?
1100011111
In base 2, what is 11111 + -1?
11110
In base 12, what is 5a - -5?
63
In base 10, what is -13 - 14?
-27
In base 15, what is -9 - 384?
-38d
In base 6, what is 3 - 32452?
-32445
In base 2, what is 11000 + 11?
11011
In base 12, what is 4 + 8a5?
8a9
In base 3, what is -2 + -122100?
-122102
In base 16, what is -1 - -405?
404
In base 10, what is 1 + -5930?
-5929
In base 11, what is -431 + 4?
-428
In base 13, what is 102 + -2?
100
In base 16, what is 13 + -121?
-10e
In base 2, what is 0 - 11000100?
-11000100
In base 4, what is -1 + -303?
-310
In base 2, what is -1111100 - -10011?
-1101001
In base 5, what is -4 - -231?
222
In base 14, what is 1 - -90?
91
In base 3, what is -112 - -11?
-101
In base 11, what is -11 - 8a?
-a0
In base 10, what is -259 - -12?
-247
In base 11, what is -179a - 5?
-17a4
In base 3, what is 1102 + 111?
1220
In base 12, what is -4 + 2b?
27
In base 9, what is -3 - 515?
-518
In base 9, what is 3865 - -2?
3867
In base 6, what is -23004 - -3?
-23001
In base 4, what is 20 + 123?
203
In base 3, what is 2201 + 100020?
102221
In base 9, what is 253 - -5?
258
In base 12, what is -2 - -342?
340
In base 10, what is -160 + 5?
-155
In base 7, what is -263 - 4?
-300
In base 6, what is 54 - 52?
2
In base 9, what is 2 - -4?
6
In base 3, what is -2101002 - -20?
-2100212
In base 15, what is 3 - 228?
-225
In base 5, what is -3441 - -14?
-3422
In base 5, what is -1 + -3014?
-3020
In base 3, what is 12 - -1122200?
1122212
In base 14, what is -1 - 4d?
-50
In base 10, what is -113 + 1?
-112
In base 10, what is -1843 - 5?
-1848
In base 5, what is -2320 - 10?
-2330
In base 12, what is -5 + 99?
94
In base 16, what is -24 + 1cb?
1a7
In base 13, what is -1b8 + -9?
-1c4
In base 13, what is 11b - 8?
113
In base 11, what is 2 - -2608?
260a
In base 8, what is 21 - -15?
36
In base 3, what is 10 - 12202?
-12122
In base 4, what is 12 - -1030?
1102
In base 11, what is 0 + -a01?
-a01
In base 7, what is 462 - 2?
460
In base 12, what is 45 - 19?
28
In base 15, what is 16 - -1?
17
In base 3, what is 0 + 121?
121
In base 16, what is -2747 - -5?
-2742
In base 11, what is 4a - -32?
81
In base 8, what is -4 + -47?
-53
In base 6, what is 10454 + -3?
10451
In base 2, what is -1000011010010 - 101?
-1000011010111
In base 13, what is -9 - 6?
-12
In base 12, what is 5 - -130?
135
In base 4, what is -303 - -13133?
12230
In base 4, what is 0 - -201311?
201311
In base 16, what is 132 + -5?
12d
In base 11, what is 3 - -9?
11
In base 13, what is 154 + 17?
16b
In base 5, what is -1 + -1111?
-1112
In base 16, what is -7fe + 5?
-7f9
In base 13, what is 184 - -6?
18a
In base 2, what is 100101001110 - 100?
100101001010
In base 13, what is -6 - -587?
581
In base 10, what is 6 - -12?
18
In base 16, what is -36 - 3?
-39
In base 8, what is 1 - -315?
316
In base 5, what is -12 + -13?
-30
In base 16, what is -4c - 0?
-4c
In base 10, what is -32 - 6?
-38
In base 4, what is -20 + 13232?
13212
In base 10, what is -5 - 7818?
-7823
In base 6, what is 1054 - -4?
1102
In base 11, what is -5 + 6a?
65
In base 16, what is -3 + -a5a?
-a5d
In base 11, what is 2177 + 2?
2179
In base 12, what is 7 + 12?
19
In base 8, what is 4 + 31?
35
In base 4, what is -31 - -1222?
1131
In base 10, what is 2434 + 0?
2434
In base 15, what is 181b + 3?
181e
In base 4, what is 1022 + 2?
1030
In base 14, what is -34 + 5?
-2d
In base 5, what is 4 - 314?
-310
In base 7, what is 35 - 2?
33
In base 13, what is -16b + 2?
-169
In base 3, what is -201001 - -1?
-201000
In base 10, what is -18 - -485?
467
In base 6, what is 51 + 215?
310
In base 16, what is 7 + -129?
-122
In base 15, what is 57 - -3?
5a
In base 14, what is 144a + -2?
1448
In base 5, what is 4 + -21?
-12
In base 3, what is 11 + -1202?
-1121
In base 7, what is -13 + -435?
-451
In base 12, what is 1 - -129?
12a
In base 15, what is -16 + -4?
-1a
In base 10, what is 3 + 19?
22
In base 13, what is -14 + 2a2?
28b
In base 2, what is -11011101 - 0?
-11011101
In base 3, what is 11 - -1222?
2010
In base 4, what is -101 - -13132?
13031
In base 8, what is -1 + 1360?
1357
In base 16, what is -5c + -6?
-62
In base 6, what is -1001245 - 3?
-1001252
In base 2, what is -1100 + 1111?
11
In base 15, what is -4d3 + c?
-4c6
In base 7, what is -2146 - -1?
-2145
In base 4, what is -11 + -20120?
-20131
In base 2, what is -101 - -101111100?
101110111
In base 8, what is 1 + -266?
-265
In base 12, what is -213 - -16?
-1b9
In base 7, what is -11 - 25?
-36
In base 6, what is 33 + 11?
44
In base 9, what is 156 - 0?
156
In base 4, what is 30 - -2202?
2232
In base 13, what is 1c7 + 34?
22b
In base 5, what is 1010 - 0?
1010
In base 8, what is 14 - 0?
14
In base 12, what is -6 + -22?
-28
In base 11, what is 72 - -5?
77
In base 13, what is -a68 - 1?
-a69
In base 13, what is -656 - -3?
-653
In base 6, what is 2 + -10054?
-10052
In base 2, what is -10 + 11011?
11001
In base 9, what is 5 - 6?
-1
In base 7, what is 22 - -10?
32
In base 15, what is -8 - 4?
-c
In base 10, what is -85 + -10?
-95
In base 4, what is -122 + -10?
-132
In base 4, what is 3112 + 2?
3120
In base 15, what is -4 - 5e?
-63
In base 13, what is c7a - 1?
c79
In base 13, what is -20c + -4?
-213
In base 6, what is -42 - 1302?
-1344
In base 10, what is -416 + -2?
-418
In base 3, what is -211021 + 21?
-211000
In base 5, what is 4 + 43412?
43421
In base 11, what is 0 - -19?
19
In base 5, what is 140 - 24?
111
In base 15, what is -5 + 11?
b
In base 10, what is -29 - -8?
-21
In base 10, what is -70 - 4?
-74
In base 3, what is -10 - -1111020?
1111010
In base 15, what is -78b + -8?
-794
In base 8, what is -1 - -226?
225
In base 14, what is 2 - a4?
-a2
In base 6, what is -3 - -14?
11
In base 2, what is 1000110110 - -1?
1000110111
In base 3, what is 10 - -12010?
12020
In base 13, what is 2 - -21b?
220
In base 8, what is -4 - -432?
426
In base 13, what is 2 + 25?
27
In base 2, what is 11 + 1110100?
111011